 v = -9 - -17. Let u be v/(-28) - (-2)/7. Let p be (-9)/3 - (0 + u). Give h(p).
-1
Let k be 62/22 + (-4)/(-22). Let b(m) = 1. Let s(n) = -n**2 + n + 8. Let t(v) = -14*b(v) + 2*s(v). Give t(k).
-10
Suppose -5*r - 24 + 4 = -v, 0 = -3*v + 3*r + 12. Let p(m) = -4*m**2 + 2*m + m - 1 + v*m - m. Give p(1).
-3
Let h(d) = 2*d**3 - 4*d**2 - 5*d - 5. Let k(n) = n**3 - 5*n**2 - 6*n - 6. Let x(c) = -5*h(c) + 4*k(c). Let w = 1 - 2. Determine x(w).
6
Suppose 5*t + 2 - 12 = 0. Suppose -3*y = -2*w - 3*w + 4, -t = 2*w. Let d(n) = n**3 + 3*n**2 + 5*n + 4. Give d(y).
-11
Let u(i) = i. Let y(w) be the third derivative of w**4/12 + w**2. Let t(b) = -5*u(b) + 3*y(b). Determine t(6).
6
Suppose 2*y = 4 + 2. Let f(i) = -2*i - y + 0 + 10*i**3 - 9*i**3. Suppose 0 = -3*d - 3*c - 3, 5*d - 2*c + 7 = -5*c. What is f(d)?
-7
Let r(j) = 3*j + 3. Let o(n) = -n - 2. Let f(v) = -5*o(v) - 2*r(v). Calculate f(-7).
11
Let o(c) be the first derivative of -c**4/4 + 7*c**3/3 + 9*c**2/2 - 7*c - 7. What is o(8)?
1
Let p(c) = -3*c + 26. Let l be p(7). Let x(q) = -2*q + 3. Give x(l).
-7
Let b(j) = 3*j + 3. Suppose r + 3*r = 64. Suppose 2*m - 3 = -1, -4*o + r = 4*m. What is b(o)?
12
Let x(a) be the first derivative of a**3/6 + a**2 + 5*a - 4. Let k(f) be the first derivative of x(f). Let q(m) = -m**2 - m + 2. Let n be q(2). What is k(n)?
-2
Suppose 0*z = -3*z + 3. Let j(b) = -4 + 2 - 7*b + 7*b**2 - 4*b**2 + 8. Let h(w) = -2*w**2 + 6*w - 5. Let d(m) = 7*h(m) + 6*j(m). Determine d(z).
5
Suppose -2*t + 1 = 5*r - 8, 0 = -t - 3. Let w = -4 - -6. Let z(y) = -3*y + 3*y**w + y**r - 3*y + 1 + 2*y. Calculate z(-4).
1
Let d be 1/(-3) + 5/(-3). Let x(w) = w**2 + 2*w - 2. Let h be x(d). Let n(q) = -3 - 5 + 6 + 6*q**2 - 7*q**2. Determine n(h).
-6
Let h(l) = -l**3 - 3*l**2 + l + 2. Let u(v) = -10*v + 1 + 7*v + 4*v**3 + 3*v**2 - 3*v**3. Let s be u(-4). Calculate h(s).
-1
Suppose -7*r = -3*r - 104. Let f = 50 - r. Suppose 5*y + 12 = 4*j, -3*y + f = -2*j - 8*y. Let k(a) = -a**2 - 2*a + 2. Give k(j).
2
Let l(n) = 2*n - 1. Suppose 0 = h - b + 8, -3*b - 2*b = 3*h - 16. Let u = h + 2. Let p be (u - (-9)/(-6))*-2. Give l(p).
9
Let s be 6/27 - (-16)/9. Let o(b) = -b - 2*b + 2*b - s. Suppose 9 = 4*n + 21. What is o(n)?
1
Let n(s) be the third derivative of 0*s**5 + 0 + 1/360*s**6 - s**2 - 1/24*s**4 + 0*s + 1/3*s**3. Let g(c) be the first derivative of n(c). Determine g(-2).
3
Let o(v) = -v**2 + 4*v + 1. Let c(z) = 13*z - 2. Let u be c(1). Let s(r) = -r**2 + 10*r + 14. Let t be s(u). Calculate o(t).
4
Let a(k) = 5*k**2 - 7*k - 1. Let l(z) = -4*z**2 + 6*z + 1. Let q(f) = 6*a(f) + 7*l(f). Give q(-1).
3
Let q(w) = w**2 - 5*w + 3. Let x be q(7). Suppose 0 = 4*y - g - 0*g - x, 4*y - 37 = 5*g. Let r(b) = b**2 + y + b**2 - 1 + 5*b. Give r(-3).
5
Suppose 0 = -f - 3, 2*a - 6*a = 2*f + 66. Let c be 18/10 - 3/a. Let k(o) = 5*o + 0 - c*o + 1 + 2. What is k(-3)?
-6
Suppose 0 = -2*t - 4*z + 10, 2*t + 3 = 3*z + 20. Let n(u) = u**3 - 7*u**2 - 5*u + 7. What is n(t)?
-28
Let m(u) = -7*u**3. Let f = 6 + -1. Suppose f*d = d. Suppose -h + d*x = x + 5, 3*h = 5*x + 17. Determine m(h).
7
Let d = -2 + 5. Suppose a - d*a + 10 = 0. Suppose -a*s = 3*o - 8, 4*s - 10 = 6. Let i(p) = -p**2 - 2*p + 2. What is i(o)?
-6
Let a be 1/5 + (-18)/(-10). Let o(p) = a*p + p**2 + 3 + p**3 - 4*p**2 + p**2 - 2*p**3. What is o(-2)?
-1
Let d(m) = 6*m**2 - 11*m - 8. Let o(y) = -2*y**2 + 4*y + 3. Let n(z) = -2*d(z) - 7*o(z). Give n(5).
15
Let s(a) = -2*a. Let x be s(1). Let m(o) = -4*o + 0*o - 1 + 2. Let r(w) = -w + 1. Let b(l) = -m(l) + r(l). Give b(x).
-6
Let t(k) = 13*k - 1. Suppose -9*v + 12 = -3*v. Give t(v).
25
Let m(c) = -4*c**3 + c**2 + 8*c + 2. Let h(v) = -3*v**3 + 7*v + 2. Let y(l) = 3*h(l) - 2*m(l). Determine y(-3).
-4
Let u(q) = -q**2 + 3*q - 4. Let r(o) = 5*o - 7. Let j be r(2). Calculate u(j).
-4
Suppose -2*p = -6*p - 8. Let q = p - -2. Suppose -2*f + 5 = a - 4*a, q = 3*f + 3*a + 30. Let b(y) = -y - 5. Calculate b(f).
0
Let f(y) = -3*y - 4. Let a(s) = -s - 14. Let u be a(-8). Give f(u).
14
Let o = 99 - 69. Suppose -4*y = y + o. Let t(u) = -u**3 - 5*u**2 + 7*u + 3. Calculate t(y).
-3
Let r(g) be the first derivative of -3 + 7/2*g**2 - 1/3*g**3 + 9*g. Let o be r(8). Let d(k) = -k**2 - k + 1. Determine d(o).
-1
Let u(g) = -g + 8. Let a be u(8). Suppose 8 = -a*f - 2*f, -27 = 3*k + 3*f. Let y(o) = -o**3 - 5*o**2 + o + 4. Give y(k).
-1
Let n(f) = -3*f**2 - f + 9. Let z(m) = -m**2 + m + 1. Let y(p) = n(p) - 4*z(p). Calculate y(5).
5
Let o(p) = -6*p + 0 - 7 + 8. What is o(-1)?
7
Let s be (-8)/(-6)*12/8. Let a(q) = 4*q**3 + q - 2*q**3 - s*q**3 + 2*q**2 - q**3. What is a(-1)?
2
Let c(h) be the first derivative of -h**2/2 - 3*h - 13. Calculate c(-4).
1
Let o(g) = g + 1. Let w(r) = -6*r + 1. Let b(h) = -3*o(h) - w(h). Let v = 10 - 7. Calculate b(v).
5
Let r(i) = -i**2 - 16*i. Suppose 5*s = p - 79, -3*s - 20 = -2*s + 4*p. Calculate r(s).
0
Let y(t) = -1. Let p(g) = 5 - 3 + 2*g + 3*g - 6*g. Let z(r) = p(r) + 6*y(r). Calculate z(-5).
1
Let r(v) = -v**3 - 7*v**2 - 8*v - 4. Suppose 21 = -5*n - 3*f, -9*n + 8*n = 3*f - 3. Determine r(n).
8
Let k be (3/(-2))/(3/(-10)). Suppose b + j = k - 1, -b = 4*j - 7. Let n(g) = g**2 - 5*g + 3. What is n(b)?
-3
Let f(h) = 9*h**2 + 5*h - 7. Let q(d) = -4*d**2 - 2*d + 3. Let k(c) = -2*f(c) - 5*q(c). Let p(z) be the first derivative of k(z). Calculate p(3).
12
Let z(b) = -b + 1. Suppose 2*n + 1 + 1 = -4*t, t = 2*n - 8. Suppose n*v = q + 7 + 5, -3*q - 2*v + 19 = 0. Give z(q).
-2
Suppose f = 3*w - w - 158, -2 = f. Let h(u) = 0 - w*u - 1 + 79*u + 0. Determine h(1).
0
Let r(i) = -3*i + 23 - 31 + 4*i. Calculate r(-7).
-15
Let m(p) = p - 4. Let z be m(11). Let j(r) = -r - 11 - 6*r + 30 - 10*r**2. Let d(g) = -7*g**2 - 5*g + 13. Let h(l) = z*d(l) - 5*j(l). What is h(3)?
5
Suppose -2*y + 0*l - 2*l - 2 = 0, 4*y - l = 21. Let m(a) = -a**2 + 0 + y*a - a**3 - 2*a**2 - 3 - a**2. Determine m(-5).
2
Let b(p) be the first derivative of p**6/360 + p**5/30 + p**4/24 - p**3/3 - 3. Let y(r) be the third derivative of b(r). Calculate y(-4).
1
Suppose 2*w - 5*i - 4 = 3, 27 = 4*w + 3*i. Let a(s) = s**2 - 7*s. What is a(w)?
-6
Let g(m) be the second derivative of m**3/6 + m**2/2 + 22*m + 1. What is g(4)?
5
Let j(r) be the second derivative of -r**4/6 - 2*r. Let i(a) = -a**2 - 3*a - 3. Let q be i(-2). Calculate j(q).
-2
Let r be (-1)/3 - (-12)/9. Let v = -7 - -7. Let c(x) = v - 4 + 3 + 13*x. Determine c(r).
12
Let f be -1*(-5 + -1)/(-2). Let l be f/(((-18)/4)/3). Suppose -l*b = 2*b. Let o(p) = p**3 + p**2 + 3. Give o(b).
3
Let g(c) = c + 7. Let m(z) = 3*z**2 + 31*z + 2. Let h be m(-10). What is g(h)?
-1
Let c be (-13)/5 - (-16)/(-40). Let j(q) = -2*q**2 - 3*q - 3. Determine j(c).
-12
Suppose 4 = -2*r + 6*r. Suppose -k + 1 = -r. Let n(a) = 4*a**k + 2 - 1 - 6*a**2. Determine n(1).
-1
Let f(y) = y - 1. Let a(q) = q - 3. Let d be a(5). Suppose j + 4*m = 3*m - d, -5*j + 5*m + 30 = 0. Calculate f(j).
1
Suppose 5*b + 14 = 34, -3*b = 4*i - 16. Let z(l) = -l. Calculate z(i).
-1
Let m(p) = 2 - 6 + 8*p - p - 6*p. Give m(0).
-4
Let x(d) = -d**3 - 5*d**2 - 2*d - 7. Let m be (1/3)/((-4)/60*1). Calculate x(m).
3
Let b(d) be the third derivative of d**5/30 + 7*d**4/24 + 5*d**3/6 + 7*d**2. Let l = -6 - -2. Give b(l).
9
Let a(r) be the second derivative of -r**7/2520 - r**6/720 - r**5/120 - r**4/4 + 3*r. Let u(q) be the third derivative of a(q). What is u(2)?
-7
Let c(u) = u + 11. Let r(g) = 1. Let p(b) = c(b) - 6*r(b). Calculate p(0).
5
Let f(u) be the first derivative of 3*u**7/280 - u**6/180 - u**5/120 + 2*u**3/3 + 1. Let s(n) be the third derivative of f(n). Give s(-1).
-10
Let g(d) = -d**2 + 6*d - 9. Let b(l) = -l**2 - l + 12. Let j be b(-3). Calculate g(j).
-9
Let a(r) = 1. Let o(d) = -d + 1. Let l(k) = k**3 - 4*k**2 - 5*k - 4. Let w be l(5). Let x(m) = w*a(m) + o(m). Let h be -1 + -1 - -2 - 3. Calculate x(h).
0
Let d = 19 - 24. Let p(w) = w**3 + 5*w**2 + 3*w. Calculate p(d).
-15
Let f(s) = -5*s**2 + 16*s + 36. Let i(q) = -q**2 + 3*q + 7. Let l(g) = -2*f(g) + 11*i(g). Determine l(0).
5
Let v(i) be the first derivative of 3/2*i**2 + 3 - 3*i. Give v(4).
9
Let k(a) be the third derivative of -a**6/120 - a**3/6 + 3*a**2. What is k(1)?
-2
Let g be (1/(-2))/((-1)/(-4)). Let w(q) be the second derivative of -1/20*q**5 + 0 + 3/2*q**2 + q - 1/6*q**4 + 1/3*q**3. Give w(g).
-1
Le